[INFO] cloning repository https://github.com/shrink0r/picserv
[INFO] running `Command { std: "git" "-c" "credential.helper=" "-c" "credential.helper=/workspace/cargo-home/bin/git-credential-null" "clone" "--bare" "https://github.com/shrink0r/picserv" "/workspace/cache/git-repos/https%3A%2F%2Fgithub.com%2Fshrink0r%2Fpicserv", kill_on_drop: false }`
[INFO] [stderr] Cloning into bare repository '/workspace/cache/git-repos/https%3A%2F%2Fgithub.com%2Fshrink0r%2Fpicserv'...
[INFO] running `Command { std: "git" "rev-parse" "HEAD", kill_on_drop: false }`
[INFO] [stdout] 288bfd6fc52503c723a310bd9ce9d5b2c514a34e
[INFO] checking shrink0r/picserv against master#af3c6e733a40e671550e0f0f5aeecaa13772ba56 for pr-74989
[INFO] running `Command { std: "git" "clone" "/workspace/cache/git-repos/https%3A%2F%2Fgithub.com%2Fshrink0r%2Fpicserv" "/workspace/builds/worker-5/source", kill_on_drop: false }`
[INFO] [stderr] Cloning into '/workspace/builds/worker-5/source'...
[INFO] [stderr] done.
[INFO] validating manifest of git repo https://github.com/shrink0r/picserv on toolchain af3c6e733a40e671550e0f0f5aeecaa13772ba56
[INFO] running `Command { std: "/workspace/cargo-home/bin/cargo" "+af3c6e733a40e671550e0f0f5aeecaa13772ba56" "read-manifest" "--manifest-path" "Cargo.toml", kill_on_drop: false }`
[INFO] started tweaking git repo https://github.com/shrink0r/picserv
[INFO] finished tweaking git repo https://github.com/shrink0r/picserv
[INFO] tweaked toml for git repo https://github.com/shrink0r/picserv written to /workspace/builds/worker-5/source/Cargo.toml
[INFO] crate git repo https://github.com/shrink0r/picserv already has a lockfile, it will not be regenerated
[INFO] running `Command { std: "/workspace/cargo-home/bin/cargo" "+af3c6e733a40e671550e0f0f5aeecaa13772ba56" "fetch" "--locked" "--manifest-path" "Cargo.toml", kill_on_drop: false }`
[INFO] [stderr] error: the lock file /workspace/builds/worker-5/source/Cargo.lock needs to be updated but --locked was passed to prevent this
[INFO] [stderr] If you want to try to generate the lock file without accessing the network, use the --offline flag.
[INFO] the lockfile is outdated, regenerating it
[INFO] running `Command { std: "/workspace/cargo-home/bin/cargo" "+af3c6e733a40e671550e0f0f5aeecaa13772ba56" "generate-lockfile" "--manifest-path" "Cargo.toml" "-Zno-index-update", kill_on_drop: false }`
[INFO] running `Command { std: "/workspace/cargo-home/bin/cargo" "+af3c6e733a40e671550e0f0f5aeecaa13772ba56" "fetch" "--locked" "--manifest-path" "Cargo.toml", kill_on_drop: false }`
[INFO] running `Command { std: "docker" "create" "-v" "/var/lib/crater-agent-workspace/builds/worker-5/target:/opt/rustwide/target:rw,Z" "-v" "/var/lib/crater-agent-workspace/builds/worker-5/source:/opt/rustwide/workdir:ro,Z" "-v" "/var/lib/crater-agent-workspace/cargo-home:/opt/rustwide/cargo-home:ro,Z" "-v" "/var/lib/crater-agent-workspace/rustup-home:/opt/rustwide/rustup-home:ro,Z" "-e" "SOURCE_DIR=/opt/rustwide/workdir" "-e" "CARGO_TARGET_DIR=/opt/rustwide/target" "-e" "CARGO_HOME=/opt/rustwide/cargo-home" "-e" "RUSTUP_HOME=/opt/rustwide/rustup-home" "-w" "/opt/rustwide/workdir" "-m" "1610612736" "--user" "0:0" "--network" "none" "rustops/crates-build-env@sha256:d92eaeed33fa75130ca1ee6c8a01d1ffb62bac859dfdfb3450e3e5d1c0146529" "/opt/rustwide/cargo-home/bin/cargo" "+af3c6e733a40e671550e0f0f5aeecaa13772ba56" "metadata" "--no-deps" "--format-version=1", kill_on_drop: false }`
[INFO] [stdout] a3bf375d255e4098b14f5ff1ff2a89e0738850db1e208977950e296315cda30d
[INFO] [stderr] WARNING: Your kernel does not support swap limit capabilities or the cgroup is not mounted. Memory limited without swap.
[INFO] running `Command { std: "docker" "start" "-a" "a3bf375d255e4098b14f5ff1ff2a89e0738850db1e208977950e296315cda30d", kill_on_drop: false }`
[INFO] running `Command { std: "docker" "inspect" "a3bf375d255e4098b14f5ff1ff2a89e0738850db1e208977950e296315cda30d", kill_on_drop: false }`
[INFO] running `Command { std: "docker" "rm" "-f" "a3bf375d255e4098b14f5ff1ff2a89e0738850db1e208977950e296315cda30d", kill_on_drop: false }`
[INFO] [stdout] a3bf375d255e4098b14f5ff1ff2a89e0738850db1e208977950e296315cda30d
[INFO] running `Command { std: "docker" "create" "-v" "/var/lib/crater-agent-workspace/builds/worker-5/target:/opt/rustwide/target:rw,Z" "-v" "/var/lib/crater-agent-workspace/builds/worker-5/source:/opt/rustwide/workdir:ro,Z" "-v" "/var/lib/crater-agent-workspace/cargo-home:/opt/rustwide/cargo-home:ro,Z" "-v" "/var/lib/crater-agent-workspace/rustup-home:/opt/rustwide/rustup-home:ro,Z" "-e" "SOURCE_DIR=/opt/rustwide/workdir" "-e" "CARGO_TARGET_DIR=/opt/rustwide/target" "-e" "CARGO_INCREMENTAL=0" "-e" "RUST_BACKTRACE=full" "-e" "RUSTFLAGS=--cap-lints=forbid" "-e" "CARGO_HOME=/opt/rustwide/cargo-home" "-e" "RUSTUP_HOME=/opt/rustwide/rustup-home" "-w" "/opt/rustwide/workdir" "-m" "1610612736" "--user" "0:0" "--network" "none" "rustops/crates-build-env@sha256:d92eaeed33fa75130ca1ee6c8a01d1ffb62bac859dfdfb3450e3e5d1c0146529" "/opt/rustwide/cargo-home/bin/cargo" "+af3c6e733a40e671550e0f0f5aeecaa13772ba56" "check" "--frozen" "--all" "--all-targets" "--message-format=json", kill_on_drop: false }`
[INFO] [stdout] 8b9a4c6da40ce8e361dc248104338e5b44441ce51915dd57e910e14b2de969ae
[INFO] [stderr] WARNING: Your kernel does not support swap limit capabilities or the cgroup is not mounted. Memory limited without swap.
[INFO] running `Command { std: "docker" "start" "-a" "8b9a4c6da40ce8e361dc248104338e5b44441ce51915dd57e910e14b2de969ae", kill_on_drop: false }`
[INFO] [stderr]    Compiling rand_core v0.4.2
[INFO] [stderr]    Compiling autocfg v0.1.7
[INFO] [stderr]     Checking cfg-if v0.1.10
[INFO] [stderr]    Compiling siphasher v0.2.3
[INFO] [stderr]    Compiling byteorder v1.3.4
[INFO] [stderr]    Compiling syn v1.0.41
[INFO] [stderr]     Checking safemem v0.3.3
[INFO] [stderr]     Checking itoa v0.4.6
[INFO] [stderr]     Checking fnv v1.0.7
[INFO] [stderr]    Compiling pin-project-internal v0.4.23
[INFO] [stderr]     Checking modifier v0.1.0
[INFO] [stderr]     Checking futures-task v0.3.5
[INFO] [stderr]     Checking pin-utils v0.1.0
[INFO] [stderr]    Compiling gcc v0.3.55
[INFO] [stderr]     Checking futures-sink v0.3.5
[INFO] [stderr]     Checking try-lock v0.2.3
[INFO] [stderr]     Checking tower-service v0.3.0
[INFO] [stderr]     Checking rustc-serialize v0.3.24
[INFO] [stderr]    Compiling unicase v1.4.2
[INFO] [stderr]     Checking unsafe-any v0.4.2
[INFO] [stderr]     Checking futures-channel v0.3.5
[INFO] [stderr]     Checking tracing-core v0.1.16
[INFO] [stderr]    Compiling libc v0.2.77
[INFO] [stderr]     Checking log v0.4.11
[INFO] [stderr]     Checking idna v0.1.5
[INFO] [stderr]     Checking idna v0.2.0
[INFO] [stderr]     Checking net2 v0.2.35
[INFO] [stderr]     Checking rand v0.4.6
[INFO] [stderr]     Checking socket2 v0.3.15
[INFO] [stderr]    Compiling rand_core v0.3.1
[INFO] [stderr]    Compiling rand_jitter v0.1.4
[INFO] [stderr]     Checking http v0.2.1
[INFO] [stderr]     Checking typemap v0.3.3
[INFO] [stderr]     Checking serde_json v1.0.57
[INFO] [stderr]     Checking log v0.3.9
[INFO] [stderr]     Checking want v0.3.0
[INFO] [stderr]    Compiling rand_hc v0.1.0
[INFO] [stderr]    Compiling rand_xorshift v0.1.1
[INFO] [stderr]    Compiling rand_isaac v0.1.1
[INFO] [stderr]     Checking mio v0.6.22
[INFO] [stderr]     Checking tracing v0.1.19
[INFO] [stderr]     Checking plugin v0.2.6
[INFO] [stderr]    Compiling rand_chacha v0.1.1
[INFO] [stderr]    Compiling rand_pcg v0.1.2
[INFO] [stderr]    Compiling rand v0.6.5
[INFO] [stderr]     Checking mime v0.2.6
[INFO] [stderr]    Compiling phf_shared v0.7.24
[INFO] [stderr]     Checking url v2.1.1
[INFO] [stderr]     Checking url v1.7.2
[INFO] [stderr]    Compiling rand_os v0.1.3
[INFO] [stderr]     Checking rand v0.3.23
[INFO] [stderr]    Compiling phf v0.7.24
[INFO] [stderr]    Compiling rust-crypto v0.2.36
[INFO] [stderr]     Checking tokio v0.2.22
[INFO] [stderr]     Checking base64 v0.9.3
[INFO] [stderr]     Checking hyper v0.10.16
[INFO] [stderr]    Compiling phf_generator v0.7.24
[INFO] [stderr]     Checking http-body v0.3.1
[INFO] [stderr]    Compiling phf_codegen v0.7.24
[INFO] [stderr]    Compiling mime_guess v1.8.8
[INFO] [stderr]     Checking iron v0.6.1
[INFO] [stderr]     Checking persistent v0.4.0
[INFO] [stderr]     Checking router v0.6.0
[INFO] [stderr]     Checking tokio-util v0.3.1
[INFO] [stderr]     Checking bodyparser v0.8.0
[INFO] [stderr]     Checking urlencoded v0.6.0
[INFO] [stderr]     Checking pin-project v0.4.23
[INFO] [stderr]     Checking futures-util v0.3.5
[INFO] [stderr]     Checking h2 v0.2.6
[INFO] [stderr]     Checking hyper v0.13.7
[INFO] [stderr]     Checking picserv v0.1.0 (/opt/rustwide/workdir)
[INFO] [stdout] error[E0432]: unresolved import `hyper::header::Connection`
[INFO] [stdout]  --> src/retrieve/mod.rs:7:5
[INFO] [stdout]   |
[INFO] [stdout] 7 | use hyper::header::Connection;
[INFO] [stdout]   |     ^^^^^^^^^^^^^^^^^^^^^^^^^ no `Connection` in `header`
[INFO] [stdout] 
[INFO] [stdout] 
[INFO] [stdout] warning: use of deprecated associated function `iron::Error::description`: use the Display impl or to_string()
[INFO] [stdout]   --> src/retrieve/mod.rs:68:46
[INFO] [stdout]    |
[INFO] [stdout] 68 |             Err(why) => panic!("error: {} ", Error::description(&why)),
[INFO] [stdout]    |                                              ^^^^^^^^^^^^^^^^^^
[INFO] [stdout]    |
[INFO] [stdout]    = note: `#[warn(deprecated)]` on by default
[INFO] [stdout] 
[INFO] [stdout] 
[INFO] [stdout] warning: use of deprecated associated function `iron::Error::description`: use the Display impl or to_string()
[INFO] [stdout]   --> src/retrieve/mod.rs:73:40
[INFO] [stdout]    |
[INFO] [stdout] 73 |             Err(why) => panic!("{:?}", Error::description(&why)),
[INFO] [stdout]    |                                        ^^^^^^^^^^^^^^^^^^
[INFO] [stdout] 
[INFO] [stdout] 
[INFO] [stdout] warning: use of deprecated associated function `iron::Error::description`: use the Display impl or to_string()
[INFO] [stdout]   --> src/serve/mod.rs:41:54
[INFO] [stdout]    |
[INFO] [stdout] 41 |                     Err(why) => panic!("error: {} ", Error::description(&why)),
[INFO] [stdout]    |                                                      ^^^^^^^^^^^^^^^^^^
[INFO] [stdout] 
[INFO] [stdout] 
[INFO] [stdout] error[E0432]: unresolved import `hyper::header::Connection`
[INFO] [stdout]  --> src/retrieve/mod.rs:7:5
[INFO] [stdout]   |
[INFO] [stdout] 7 | use hyper::header::Connection;
[INFO] [stdout]   |     ^^^^^^^^^^^^^^^^^^^^^^^^^ no `Connection` in `header`
[INFO] [stdout] 
[INFO] [stdout] 
[INFO] [stdout] error[E0061]: this function takes 3 arguments but 2 arguments were supplied
[INFO] [stdout]   --> src/main.rs:20:12
[INFO] [stdout]    |
[INFO] [stdout] 20 |     router.get("/", Serve::new(Downloader::new(Config::new())));
[INFO] [stdout]    |            ^^^ ---  ------------------------------------------ supplied 2 arguments
[INFO] [stdout]    |            |
[INFO] [stdout]    |            expected 3 arguments
[INFO] [stdout] 
[INFO] [stdout] 
[INFO] [stdout] warning: use of deprecated associated function `iron::Error::description`: use the Display impl or to_string()
[INFO] [stdout]   --> src/retrieve/mod.rs:68:46
[INFO] [stdout]    |
[INFO] [stdout] 68 |             Err(why) => panic!("error: {} ", Error::description(&why)),
[INFO] [stdout]    |                                              ^^^^^^^^^^^^^^^^^^
[INFO] [stdout]    |
[INFO] [stdout]    = note: `#[warn(deprecated)]` on by default
[INFO] [stdout] 
[INFO] [stdout] 
[INFO] [stdout] warning: use of deprecated associated function `iron::Error::description`: use the Display impl or to_string()
[INFO] [stdout]   --> src/retrieve/mod.rs:73:40
[INFO] [stdout]    |
[INFO] [stdout] 73 |             Err(why) => panic!("{:?}", Error::description(&why)),
[INFO] [stdout]    |                                        ^^^^^^^^^^^^^^^^^^
[INFO] [stdout] 
[INFO] [stdout] 
[INFO] [stdout] warning: use of deprecated associated function `iron::Error::description`: use the Display impl or to_string()
[INFO] [stdout]   --> src/serve/mod.rs:41:54
[INFO] [stdout]    |
[INFO] [stdout] 41 |                     Err(why) => panic!("error: {} ", Error::description(&why)),
[INFO] [stdout]    |                                                      ^^^^^^^^^^^^^^^^^^
[INFO] [stdout] 
[INFO] [stdout] 
[INFO] [stdout] error[E0061]: this function takes 3 arguments but 2 arguments were supplied
[INFO] [stdout]   --> src/main.rs:20:12
[INFO] [stdout]    |
[INFO] [stdout] 20 |     router.get("/", Serve::new(Downloader::new(Config::new())));
[INFO] [stdout]    |            ^^^ ---  ------------------------------------------ supplied 2 arguments
[INFO] [stdout]    |            |
[INFO] [stdout]    |            expected 3 arguments
[INFO] [stdout] 
[INFO] [stdout] 
[INFO] [stdout] error[E0308]: mismatched types
[INFO] [stdout]   --> src/retrieve/mod.rs:29:39
[INFO] [stdout]    |
[INFO] [stdout] 29 |         let mut response = client.get(&img_url.to_string()).header(Connection::close()).send().unwrap();
[INFO] [stdout]    |                                       ^^^^^^^^^^^^^^^^^^^^ expected struct `hyper::Uri`, found `&String`
[INFO] [stdout] 
[INFO] [stdout] 
[INFO] [stdout] error[E0308]: mismatched types
[INFO] [stdout]   --> src/retrieve/mod.rs:29:39
[INFO] [stdout]    |
[INFO] [stdout] 29 |         let mut response = client.get(&img_url.to_string()).header(Connection::close()).send().unwrap();
[INFO] [stdout]    |                                       ^^^^^^^^^^^^^^^^^^^^ expected struct `hyper::Uri`, found `&String`
[INFO] [stdout] 
[INFO] [stdout] 
[INFO] [stdout] error[E0599]: no method named `header` found for struct `hyper::client::ResponseFuture` in the current scope
[INFO] [stdout]   --> src/retrieve/mod.rs:29:61
[INFO] [stdout]    |
[INFO] [stdout] 29 |         let mut response = client.get(&img_url.to_string()).header(Connection::close()).send().unwrap();
[INFO] [stdout]    |                                                             ^^^^^^ method not found in `hyper::client::ResponseFuture`
[INFO] [stdout] 
[INFO] [stdout] 
[INFO] [stdout] error[E0599]: no method named `serialize` found for reference `&url::Url` in the current scope
[INFO] [stdout]   --> src/retrieve/mod.rs:37:30
[INFO] [stdout]    |
[INFO] [stdout] 37 |         hasher.input(img_url.serialize().as_bytes());
[INFO] [stdout]    |                              ^^^^^^^^^ method not found in `&url::Url`
[INFO] [stdout] 
[INFO] [stdout] 
[INFO] [stdout] error[E0599]: no method named `header` found for struct `hyper::client::ResponseFuture` in the current scope
[INFO] [stdout]   --> src/retrieve/mod.rs:29:61
[INFO] [stdout]    |
[INFO] [stdout] 29 |         let mut response = client.get(&img_url.to_string()).header(Connection::close()).send().unwrap();
[INFO] [stdout]    |                                                             ^^^^^^ method not found in `hyper::client::ResponseFuture`
[INFO] [stdout] 
[INFO] [stdout] 
[INFO] [stdout] error[E0599]: no method named `unwrap` found for reference `&str` in the current scope
[INFO] [stdout]   --> src/retrieve/mod.rs:40:41
[INFO] [stdout]    |
[INFO] [stdout] 40 |         let name_parts = img_url.path().unwrap().last().unwrap();
[INFO] [stdout]    |                                         ^^^^^^ method not found in `&str`
[INFO] [stdout] 
[INFO] [stdout] 
[INFO] [stdout] error[E0615]: attempted to take value of method `scheme` on type `&url::Url`
[INFO] [stdout]   --> src/retrieve/mod.rs:61:23
[INFO] [stdout]    |
[INFO] [stdout] 61 |         match img_url.scheme.as_ref() {
[INFO] [stdout]    |                       ^^^^^^ method, not a field
[INFO] [stdout]    |
[INFO] [stdout] help: use parentheses to call the method
[INFO] [stdout]    |
[INFO] [stdout] 61 |         match img_url.scheme().as_ref() {
[INFO] [stdout]    |                             ^^
[INFO] [stdout] 
[INFO] [stdout] 
[INFO] [stdout] error[E0615]: attempted to take value of method `scheme` on type `&url::Url`
[INFO] [stdout]   --> src/retrieve/mod.rs:63:66
[INFO] [stdout]    |
[INFO] [stdout] 63 |             _ => panic!("unsupported scheme given {:?}", img_url.scheme)
[INFO] [stdout]    |                                                                  ^^^^^^ method, not a field
[INFO] [stdout]    |
[INFO] [stdout] help: use parentheses to call the method
[INFO] [stdout]    |
[INFO] [stdout] 63 |             _ => panic!("unsupported scheme given {:?}", img_url.scheme())
[INFO] [stdout]    |                                                                        ^^
[INFO] [stdout] 
[INFO] [stdout] 
[INFO] [stdout] error[E0599]: no method named `serialize` found for reference `&url::Url` in the current scope
[INFO] [stdout]   --> src/retrieve/mod.rs:37:30
[INFO] [stdout]    |
[INFO] [stdout] 37 |         hasher.input(img_url.serialize().as_bytes());
[INFO] [stdout]    |                              ^^^^^^^^^ method not found in `&url::Url`
[INFO] [stdout] 
[INFO] [stdout] 
[INFO] [stdout] error[E0599]: no method named `unwrap` found for reference `&str` in the current scope
[INFO] [stdout]   --> src/retrieve/mod.rs:40:41
[INFO] [stdout]    |
[INFO] [stdout] 40 |         let name_parts = img_url.path().unwrap().last().unwrap();
[INFO] [stdout]    |                                         ^^^^^^ method not found in `&str`
[INFO] [stdout] 
[INFO] [stdout] 
[INFO] [stdout] error[E0615]: attempted to take value of method `scheme` on type `&url::Url`
[INFO] [stdout]   --> src/retrieve/mod.rs:61:23
[INFO] [stdout]    |
[INFO] [stdout] 61 |         match img_url.scheme.as_ref() {
[INFO] [stdout]    |                       ^^^^^^ method, not a field
[INFO] [stdout]    |
[INFO] [stdout] help: use parentheses to call the method
[INFO] [stdout]    |
[INFO] [stdout] 61 |         match img_url.scheme().as_ref() {
[INFO] [stdout]    |                             ^^
[INFO] [stdout] 
[INFO] [stdout] 
[INFO] [stdout] error: aborting due to 8 previous errors; 3 warnings emitted
[INFO] [stdout] 
[INFO] [stdout] 
[INFO] [stdout] Some errors have detailed explanations: E0061, E0308, E0432, E0599, E0615.
[INFO] [stdout] 
[INFO] [stdout] For more information about an error, try `rustc --explain E0061`.
[INFO] [stdout] 
[INFO] [stdout] error[E0615]: attempted to take value of method `scheme` on type `&url::Url`
[INFO] [stdout]   --> src/retrieve/mod.rs:63:66
[INFO] [stdout]    |
[INFO] [stdout] 63 |             _ => panic!("unsupported scheme given {:?}", img_url.scheme)
[INFO] [stdout]    |                                                                  ^^^^^^ method, not a field
[INFO] [stdout]    |
[INFO] [stdout] help: use parentheses to call the method
[INFO] [stdout]    |
[INFO] [stdout] 63 |             _ => panic!("unsupported scheme given {:?}", img_url.scheme())
[INFO] [stdout]    |                                                                        ^^
[INFO] [stdout] 
[INFO] [stdout] 
[INFO] [stderr] error: could not compile `picserv`.
[INFO] [stderr] 
[INFO] [stderr] To learn more, run the command again with --verbose.
[INFO] [stderr] warning: build failed, waiting for other jobs to finish...
[INFO] [stdout] error: aborting due to 8 previous errors; 3 warnings emitted
[INFO] [stdout] 
[INFO] [stdout] 
[INFO] [stdout] Some errors have detailed explanations: E0061, E0308, E0432, E0599, E0615.
[INFO] [stdout] 
[INFO] [stdout] For more information about an error, try `rustc --explain E0061`.
[INFO] [stdout] 
[INFO] [stderr] error: build failed
[INFO] running `Command { std: "docker" "inspect" "8b9a4c6da40ce8e361dc248104338e5b44441ce51915dd57e910e14b2de969ae", kill_on_drop: false }`
[INFO] running `Command { std: "docker" "rm" "-f" "8b9a4c6da40ce8e361dc248104338e5b44441ce51915dd57e910e14b2de969ae", kill_on_drop: false }`
[INFO] [stdout] 8b9a4c6da40ce8e361dc248104338e5b44441ce51915dd57e910e14b2de969ae
